.
1048
Calculate the highest common divisor of 11231 and 3883451.
11
Calculate the greatest common divisor of 133386 and 33182.
94
Calculate the highest common factor of 68 and 14292052.
4
What is the greatest common divisor of 4 and 72722564?
4
Calculate the highest common factor of 380745 and 1359.
9
Calculate the greatest common divisor of 2210 and 17030.
130
What is the highest common divisor of 206 and 2527929?
103
Calculate the highest common factor of 261 and 255766863.
87
Calculate the highest common factor of 77632772 and 308.
28
What is the highest common divisor of 35406525 and 5?
5
What is the highest common factor of 4380 and 54244986?
438
What is the greatest common factor of 98 and 314200789?
49
Calculate the highest common factor of 430892 and 3892.
28
Calculate the highest common factor of 10846 and 17343247.
493
Calculate the highest common factor of 254453 and 28037.
53
Calculate the highest common factor of 173755 and 1965245.
155
Calculate the highest common factor of 496 and 11098744.
248
What is the highest common divisor of 429 and 379599?
33
What is the greatest common factor of 401452223 and 857?
857
Calculate the greatest common divisor of 271906515 and 30.
15
What is the greatest common divisor of 3369 and 65761757?
1123
What is the highest common divisor of 2053822172 and 2452?
2452
What is the highest common divisor of 28061 and 60390?
11
What is the greatest common divisor of 222335253 and 378?
189
What is the greatest common divisor of 3827762 and 2938?
226
Calculate the greatest common divisor of 693 and 259311492.
99
Calculate the highest common divisor of 1463 and 33659868.
209
Calculate the greatest common divisor of 23579008 and 256.
128
Calculate the highest common factor of 12 and 5068656.
12
What is the highest common factor of 326 and 44733068?
326
What is the greatest common factor of 95787090 and 3780?
1890
Calculate the highest common divisor of 168658383 and 279.
93
What is the greatest common divisor of 27883843 and 1196?
299
Calculate the highest common factor of 5863460 and 4700.
20
What is the highest common divisor of 749711257 and 16964?
4241
What is the highest common divisor of 130 and 130912015?
65
What is the greatest common factor of 806148 and 10511?
457
What is the highest common divisor of 48777923 and 639?
71
Calculate the greatest common divisor of 2190915 and 873.
9
What is the highest common divisor of 407 and 24445345?
37
Calculate the highest common divisor of 70876 and 8785608.
1508
What is the highest common divisor of 1234 and 129254?
2
Calculate the greatest common divisor of 24 and 95623608.
24
Calculate the highest common divisor of 1513413 and 45.
9
Calculate the highest common divisor of 755355 and 4200.
15
Calculate the greatest common factor of 191963250 and 1080.
270
What is the greatest common factor of 2574504 and 1160?
232
What is the highest common divisor of 2666 and 47850701?
1333
What is the highest common factor of 303 and 100377032?
101
What is the highest common divisor of 161 and 474520291?
161
Calculate the highest common factor of 840 and 6923952.
168
Calculate the highest common divisor of 67808234 and 579.
193
What is the highest common divisor of 20560 and 9840?
80
What is the highest common divisor of 6330998 and 1030?
206
Calculate the highest common factor of 4608094 and 8766040.
11846
What is the highest common divisor of 1010 and 355722?
202
What is the greatest common divisor of 18 and 47856186?
18
What is the greatest common factor of 36702169 and 77?
7
Calculate the greatest common divisor of 79166 and 91034.
46
What is the greatest common factor of 25461801 and 459?
153
Calculate the greatest common divisor of 73600 and 8650.
50
What is the highest common divisor of 6163461 and 45?
9
What is the greatest common factor of 136534653 and 54?
27
Calculate the highest common divisor of 240160 and 12327792.
1264
Calculate the highest common divisor of 492 and 5487809.
41
Calculate the greatest common divisor of 142785 and 18420.
15
Calculate the greatest common factor of 10944 and 80531568.
144
Calculate the highest common divisor of 2618374 and 737.
11
What is the greatest common factor of 1101753 and 16473?
969
Calculate the highest common divisor of 21896598 and 1212.
606
What is the highest common divisor of 52665 and 56987041?
3511
What is the greatest common divisor of 13884326 and 114?
38
Calculate the highest common divisor of 15677 and 47288.
257
What is the highest common divisor of 216665472 and 384?
384
What is the greatest common factor of 129 and 92266089?
129
Calculate the greatest common factor of 183432 and 1884.
12
Calculate the highest common divisor of 239410 and 321455.
1345
What is the highest common factor of 56381688 and 792?
792
What is the highest common factor of 1457171 and 37?
37
Calculate the greatest common divisor of 5476444 and 185.
37
What is the highest common divisor of 7689 and 140349?
33
What is the highest common divisor of 25022208 and 62?
62
What is the greatest common factor of 5536524 and 151221?
399
Calculate the greatest common divisor of 2242570 and 1914.
638
What is the greatest common factor of 40 and 58474990?
10
Calculate the greatest common factor of 4 and 11044790.
2
Calculate the highest common divisor of 107082 and 24138.
162
What is the highest common divisor of 23303 and 4613?
7
What is the highest common divisor of 44 and 28950482?
22
Calculate the greatest common divisor of 70884794 and 134.
134
Calculate the greatest common divisor of 1529532 and 180.
36
Calculate the highest common factor of 11156 and 3580.
4
What is the greatest common divisor of 3068555 and 79205?
2555
Calculate the greatest common factor of 279038 and 611813.
493
What is the greatest common divisor of 1955882 and 474?
158
Calculate the greatest common factor of 15820200 and 180.
180
Calculate the greatest common divisor of 11983 and 3047300866.
11983
Calculate the highest common divisor of 308 and 5528138.
154
What is the greatest common factor of 8294 and 365222?
286
What is the highest common factor of 180990 and 1030680?
90
Calculate the greatest common factor of 3712728 and 23976.
888
Calculate the greatest common factor of 576 and 859728.
48
Calculate the greatest common factor of 182787228 and 156.
156
What is the highest common factor of 6000 and 1623792?
48
Calculate the greatest common factor of 3939 and 254104890.
3939
What is the greatest common divisor of 157285 and 436165?
415
What is the greatest common divisor of 285 and 8397753?
57
What is the highest common divisor of 78228 and 314634?
246
What is the greatest common divisor of 18468 and 185212?
76
What is the greatest common divisor of 3 and 31318225?
1
Calculate the highest common divisor of 2474402 and 1372.
686
What is the greatest common divisor of 45 and 27052470?
45
Calculate the highest common factor of 2405 and 1345135.
185
Calculate the highest common divisor of 2862492 and 344004.
3156
Calculate the greatest common factor of 1622 and 554904853.
811
Calculate the greatest common divisor of 116 and 1280529916.
116
What is the highest common divisor of 1485 and 797335?
55
Calculate the highest common factor of 15995 and 1239385.
35
Calculate the greatest common divisor of 155 and 5803913.
31
What is the highest common factor of 126487524 and 20928?
1308
What is the greatest common factor of 1500 and 289787250?
750
What is the greatest common factor of 400 and 25106144?
16
Calculate the highest common divisor of 28449156 and 16.
4
Calculate the greatest common factor of 3450 and 3282790.
230
Calculate the highest common divisor of 54420 and 1816721.
907
What is the greatest common factor of 379308 and 19564?
292
What is the greatest common divisor of 813852 and 3938724?
1332
What is the greatest common factor of 46544 and 387136?
16
What is the highest common divisor of 45514247 and 786?
131
Calculate the highest common divisor of 21853 and 17173.
13
What is the greatest common factor of 59328 and 2645658?
1854
What is the highest common factor of 140599002 and 6?
6
What is the highest common factor of 35345 and 55010?
5
What is the greatest common factor of 465 and 371401545?
465
Calculate the highest common factor of 1978 and 4074565.
23
Wha